87 divide i?
False
Let y(c) = 462*c**2 - 15*c - 13. Is 53 a factor of y(4)?
False
Let b(g) = 2*g - 14. Let k be b(9). Suppose k*d = 632 + 76. Is 32 a factor of d?
False
Is ((-242560)/12)/(-5) - (-84)/(-126) a multiple of 86?
True
Suppose -104157 = -38*p + 49439. Is 47 a factor of p?
True
Suppose 6*f = 3*f + 1347. Suppose -185 = 3*b - f. Let g = b + -45. Does 38 divide g?
False
Suppose 5*r = -5*o + 355, 0*o - 75 = -o + r. Suppose 0 = -8*p + 41 - 65 - 160. Let t = o - p. Is t a multiple of 32?
True
Let a = 35 + -30. Suppose a*s - s - 1248 = 0. Suppose -4*v + s = 4*v. Is 11 a factor of v?
False
Let p = -53 + 47. Let d(c) = c**3 + 6*c**2 + 2*c + 12. Let t be d(p). Suppose t*x - 158 = -4*x + 2*f, -10 = -2*f. Is x a multiple of 14?
True
Suppose x = -f + 587, -x + 6*f = 2*f - 577. Suppose -37*n + 40*n = -5*m + 961, -3*m + n = -x. Is m a multiple of 19?
False
Let w be (-30)/(-4)*((-340)/(-50) - 0). Suppose w*u - 26515 - 17906 = 0. Is 13 a factor of u?
True
Suppose -2*x + 4*n = -2, 12*n = x + 17*n - 8. Suppose -3*t + x*h + 0*h = -642, -3*h = 6. Is t a multiple of 16?
False
Let f be (232 - 2) + (70/7)/2. Let a = f + -186. Is a a multiple of 3?
False
Suppose x - 2 = f - 4*f, f + 3*x = 6. Let q = 102 - 89. Suppose q = -f*w + w. Does 3 divide w?
False
Suppose -2*p + 19 = 17. Does 19 divide -17 - -13 - (-195 + 0 + p)?
True
Is (6 + -4)/(51430/(-6429) + 8) a multiple of 6?
False
Suppose 2*w - 535 + 21 = 0. Does 2 divide w?
False
Let f(n) = -2*n - 40. Let j(k) = -k - 21. Let q(s) = -3*f(s) + 5*j(s). Is q(-9) a multiple of 6?
True
Suppose 0*y + 5503 = 2*y + 3*g, -2758 = -y + 5*g. Suppose 778 = 5*b - 3*u - y, 0 = -4*b + 3*u + 2826. Is b a multiple of 28?
False
Suppose 0 = -130*i + 125*i - u + 8500, -4*i = u - 6801. Is 9 a factor of i?
False
Let a(c) = -c**3 + 4*c**2 - 4*c + 10. Let y be a(4). Does 3 divide 0 + y + (8 - -13)?
True
Suppose -66*q + 71*q - 15 = 0. Suppose q*d = -3, t - 2*d = -0*t + 182. Is 12 a factor of t?
True
Let i = 89 + 4. Let x = i - 19. Suppose 6*b = 4*b + x. Does 5 divide b?
False
Let z be -1*0/((-20)/5). Is z*(-1)/(-3) - (11 - 275) a multiple of 12?
True
Let a(t) = 43*t**2 + 3*t**3 - 3*t**3 - 2*t**3 + 0*t**3 - 6*t + 25. Does 10 divide a(21)?
True
Let z(f) = f**2 - 2*f + 24. Let u be z(-10). Suppose -3*n + u = -153. Is 9 a factor of 2750/n + (-4)/(-18)?
False
Let w(l) = 82*l**2 + 3*l + 4. Let f(y) = -y**3 - 25*y**2 - 45*y + 21. Let i be f(-23). Let g be (11 + -10)/((4/2)/i). Is 6 a factor of w(g)?
False
Let k = -11602 + 24969. Does 159 divide k?
False
Let q(l) = 21*l**2 - 35*l - 2543. Is 19 a factor of q(32)?
True
Let p(k) = 59*k - 159. Let o(z) = 146*z - 398. Let y(j) = 5*o(j) - 12*p(j). Does 12 divide y(25)?
True
Let p = -80 - -80. Suppose v + 9 - 7 = p. Is 5 a factor of (-456)/(-19) + (1 - -7)/v?
True
Let n(y) = -7*y**2 + 21*y - 14. Let v be n(6). Let q = v - -407. Does 23 divide q?
False
Suppose -4*o = 2*a - 11374, -14216 = -29*o + 24*o - a. Is 8 a factor of o?
False
Suppose 5*a + 2*f - 75 = 175, 5*a - 250 = 3*f. Suppose g + 3*u = -178 + 192, 4*g - 4*u - 8 = 0. Suppose -7*b = -g*b - a. Is b a multiple of 9?
False
Suppose -4*l = -l - 78. Let o be 1/(3 + (-77)/l). Is 13 a factor of (o/(-6))/(11/(-66))?
True
Let o be (10/(-8))/((-11)/88). Let x(s) = -1 + 6*s - 1 + o. Is x(2) a multiple of 3?
False
Suppose q - 6*q = -3*k + 119, -3*k + 3*q + 129 = 0. Suppose -m + 48 = 4*z, 0 = 2*z - 6. Let w = k - m. Is w a multiple of 2?
True
Let s(h) = -8*h**2 + h + 7. Let j be s(-1). Let b(y) = -112*y - 16. Is b(j) a multiple of 16?
True
Let h be (-28)/8 + 1/(-2). Is 27 a factor of -4*(-5 + 4)*(-82)/h?
False
Suppose -2437 = -3*c + 4*u, -2*u + 207 + 622 = c. Does 7 divide c?
True
Let o = -2204 - -6364. Does 13 divide o?
True
Is 28 a factor of (135/10)/(3/1872)?
False
Let m(s) = -11*s + 9. Let w be m(2). Let p = 15 + w. Suppose -3*f + 244 = 3*q - p*f, 406 = 5*q + f. Is 23 a factor of q?
False
Suppose -6*m + 8*m = -5*f + 138, -98 = -2*m + 5*f. Suppose -3*u + 4*o + 1150 = m, 347 = u + 2*o. Is u a multiple of 8?
False
Let m = -18313 - -51229. Is m a multiple of 116?
False
Let c = 8888 + -1011. Is c a multiple of 31?
False
Suppose 619*h - 616*h = -3*l + 609, 5*l = -2*h + 391. Does 3 divide h?
False
Let n = -90 - -96. Let r(t) = 111*t + 14. Is 19 a factor of r(n)?
False
Suppose -104 = -3*r - 5*m, 0 = -3*r + m - 0*m + 134. Suppose -r - 317 = -4*x. Is x a multiple of 18?
True
Let i(s) = 3*s + 23. Let r be i(-5). Let f be (1 + 174/(-4))*r/(-10). Suppose -2*l = -2*b - f, 15 = 4*b - 7*b. Does 10 divide l?
False
Let b be (36/72)/(291/294 - 1). Let y(s) = 5*s**3 - 6*s**2 + s + 3. Let o be y(4). Let m = b + o. Is 23 a factor of m?
False
Suppose 6*a = 15*a. Suppose -4*d - 2*z + 103 = -47, 0 = 3*z + 3. Suppose a = -u - u + d. Is u a multiple of 3?
False
Let c(a) = -a + 17. Let z be c(14). Suppose 4*q = 2*f + 3492, -1028 = z*f + 2*q + 4226. Does 10 divide f/(-28) + (-6)/(-4)?
False
Let a = -872 + 1475. Suppose 8*g - 21 - a = 0. Is g a multiple of 39?
True
Suppose 47*j = -81*j + 2771427 - 89955. Is 61 a factor of j?
False
Let d(m) = -53*m**3 - 2*m**2 + 7*m - 5. Let y be d(2). Let c = 438 + y. Is 5 a factor of c?
True
Let z = -537 - -240. Let r = z + 430. Suppose -4*q + r = -119. Does 7 divide q?
True
Is 7 a factor of (-26)/(-26) + (-1272)/(-6)?
False
Let j = -26765 + 28685. Is 6 a factor of j?
True
Let k be (12/54*6 + 0)*3. Suppose m - 531 = -s, -2*s + 726 + 342 = -k*m. Is s a multiple of 19?
True
Suppose 0 = -5*t + 6*t + 3*c - 3416, 5*t + 4*c = 17058. Suppose t = 180*r - 175*r. Does 36 divide r?
False
Let z be (-2)/(-12) + (-5721)/(-18) - -2. Let d = z + -14. Is 34 a factor of d?
True
Let l(a) = -a**2 + 8*a. Let g be l(4). Suppose 22 = 6*u + g. Is 20 a factor of 4464/54 - u/(-3)?
False
Let t(y) = -111*y**3 + 3*y**2 + 2*y + 1. Suppose 3*q + 136 = 2*x, 0 = 2*q + x - 0*x + 79. Let k be q/49 + 2 + (-15)/7. Is t(k) a multiple of 25?
False
Let b be 20/(-1 + -3) + 17. Suppose -2*u = 5*o - 4347, -b*u + 874 = o - 7*u. Is 11 a factor of o?
True
Let y(u) = u**3 + 12*u**2 + 13*u + 15. Let h be y(-11). Let w = 81 - h. Is w a multiple of 7?
False
Let i(q) = -q**3 + 93*q**2 + 94*q + 2184. Is 14 a factor of i(87)?
True
Suppose 517*k - 513*k - 31622 = -2*a, -23704 = -3*k - 4*a. Is k a multiple of 52?
False
Let o = 69 + -53. Is 1354/10 + -1 + o/10 even?
True
Let h(a) = 24*a**2 - 14*a - 6. Let p = -47 - -53. Is h(p) a multiple of 9?
True
Suppose -10284 = 15333*k - 15345*k. Is 14 a factor of k?
False
Suppose t = -88*x + 92*x + 1236, -5*t + 6135 = -5*x. Is t a multiple of 72?
True
Suppose -644*c + 633*c + 344421 = 0. Is c a multiple of 49?
True
Suppose -12064 = -31*a + 522. Does 7 divide a?
True
Suppose -10 + 19 = -3*l, 5*l + 4890 = 5*a. Is 5 a factor of a?
True
Suppose 3*r + 22417 = 4*z, -4*z - 4*r + 3*r = -22421. Is z a multiple of 59?
True
Is 20 a factor of 986/2 + 3 + 0/(-3)?
False
Let n = -385 + 787. Let v = n - 102. Is 5 a factor of v?
True
Let v(y) = -905*y + 2683. Is v(-5) a multiple of 63?
False
Suppose -15 - 5 = -5*c. Suppose 11*t - 882 = c*t. Suppose 4*f + 2*x - 3*x - 105 = 0, 0 = -5*f - 4*x + t. Is f a multiple of 26?
True
Let b be (30/35)/(9/42). Let p(a) = 27*a**2 - 9*a + 19. Does 10 divide p(b)?
False
Let g = -162 + 1066. Suppose y - 2158 = -4*d + 1373, -d + 4*y = -g. Does 15 divide d?
False
Suppose 16*l - 5 = 11*l. Let c be (12/(-8))/l*-278. Suppose -5*z + 512 = -4*o + 71, 0 = -5*z - 2*o + c. Is z a multiple of 14?
False
Let z be 0 - (-1)/(4/1584*2). Let y = 508 - z. Suppose -y - 5 = -3*g. Does 31 divide g?
False
Let s = 6751 + -2461. Is s a multiple of 39?
True
Suppose 5*w - 2338 = 787. Does 3 divide w?
False
Let f be ((-87)/9)/(4 - 213/54). Let z = -154 - f. Is 4 a factor of z?
True
Let k = -59 + 63. Let v(s) = -2*s + 44. Let r be v(22). Suppose r = -4*a - 5*w + 71, a = -4*a - k*w + 82. Is a a multiple of 14?
True
Let h = -29110 + 45089. Is 101 a factor of h?
False
Let g(n) = -n**2 + 25*n - 191. Let h(b) = -5*b + 38. Let a(l) = -2*g(l) - 11*h(l). Does 6 divide a(6)?
True
Let l = -5742 - -6024. Is l a multiple of 23?
False
Suppose -40 = 13*t - 17*t. Suppose 5*r + 1 = 4*n, -5*n + 4*r - t = -0*r. Is 378/4 + n/(-4) a multiple of 20?
False
Let a(x) = 163*x + 30. Let n = 141 + -137. Is 24 a factor of a(n)?
False
Let b be 1/((-2)/(-1068)*-3). Let f be (-22)/(-121) - b/(-11) - 0.